9?
1979
List the prime factors of 161690.
2, 5, 19, 23, 37
What are the prime factors of 1819?
17, 107
List the prime factors of 5826.
2, 3, 971
What are the prime factors of 2622?
2, 3, 19, 23
What are the prime factors of 26268?
2, 3, 11, 199
What are the prime factors of 2238?
2, 3, 373
List the prime factors of 71590.
2, 5, 7159
What are the prime factors of 119445?
3, 5, 7963
What are the prime factors of 699?
3, 233
What are the prime factors of 630?
2, 3, 5, 7
List the prime factors of 2354.
2, 11, 107
What are the prime factors of 1252?
2, 313
List the prime factors of 461.
461
What are the prime factors of 1282?
2, 641
List the prime factors of 1440.
2, 3, 5
List the prime factors of 32908.
2, 19, 433
What are the prime factors of 8167?
8167
What are the prime factors of 7395?
3, 5, 17, 29
List the prime factors of 30634.
2, 17, 53
What are the prime factors of 3752?
2, 7, 67
What are the prime factors of 22445?
5, 67
What are the prime factors of 9872?
2, 617
List the prime factors of 104716.
2, 47, 557
List the prime factors of 7826.
2, 7, 13, 43
What are the prime factors of 31915?
5, 13, 491
What are the prime factors of 12729?
3, 4243
What are the prime factors of 19855?
5, 11, 19
What are the prime factors of 99047?
13, 19, 401
List the prime factors of 5977.
43, 139
List the prime factors of 56246.
2, 28123
What are the prime factors of 18988?
2, 47, 101
What are the prime factors of 40683?
3, 71, 191
What are the prime factors of 1274?
2, 7, 13
List the prime factors of 1149.
3, 383
What are the prime factors of 7483?
7, 1069
What are the prime factors of 885?
3, 5, 59
What are the prime factors of 1133?
11, 103
What are the prime factors of 20695?
5, 4139
List the prime factors of 250.
2, 5
What are the prime factors of 45570?
2, 3, 5, 7, 31
List the prime factors of 3471.
3, 13, 89
What are the prime factors of 1903?
11, 173
List the prime factors of 204.
2, 3, 17
What are the prime factors of 20536?
2, 17, 151
List the prime factors of 2994.
2, 3, 499
What are the prime factors of 23812?
2, 5953
List the prime factors of 9180.
2, 3, 5, 17
What are the prime factors of 1620?
2, 3, 5
List the prime factors of 336.
2, 3, 7
What are the prime factors of 6402?
2, 3, 11, 97
What are the prime factors of 3137?
3137
What are the prime factors of 592?
2, 37
List the prime factors of 38362.
2, 19181
List the prime factors of 15618.
2, 3, 19, 137
What are the prime factors of 785?
5, 157
What are the prime factors of 41586?
2, 3, 29, 239
List the prime factors of 3966.
2, 3, 661
List the prime factors of 203.
7, 29
What are the prime factors of 1508?
2, 13, 29
What are the prime factors of 333?
3, 37
List the prime factors of 36483.
3, 12161
What are the prime factors of 8205?
3, 5, 547
List the prime factors of 1778.
2, 7, 127
What are the prime factors of 143433?
3, 15937
What are the prime factors of 203?
7, 29
What are the prime factors of 915?
3, 5, 61
What are the prime factors of 505?
5, 101
List the prime factors of 26054.
2, 7, 1861
List the prime factors of 617.
617
List the prime factors of 9674.
2, 7, 691
List the prime factors of 46609.
127, 367
What are the prime factors of 59267?
13, 47, 97
List the prime factors of 2444.
2, 13, 47
What are the prime factors of 6483?
3, 2161
What are the prime factors of 62356?
2, 7, 17, 131
List the prime factors of 1640.
2, 5, 41
List the prime factors of 671.
11, 61
List the prime factors of 10710.
2, 3, 5, 7, 17
What are the prime factors of 35406?
2, 3, 7, 281
What are the prime factors of 2693?
2693
What are the prime factors of 60179?
7, 8597
List the prime factors of 703.
19, 37
List the prime factors of 50973.
3, 13, 1307
What are the prime factors of 387?
3, 43
What are the prime factors of 2493?
3, 277
List the prime factors of 2255.
5, 11, 41
What are the prime factors of 8489?
13, 653
What are the prime factors of 538?
2, 269
What are the prime factors of 59565?
3, 5, 11, 19
List the prime factors of 1119.
3, 373
List the prime factors of 691.
691
List the prime factors of 13095.
3, 5, 97
What are the prime factors of 53238?
2, 3, 19, 467
List the prime factors of 21861.
3, 7, 347
What are the prime factors of 10184?
2, 19, 67
List the prime factors of 15116.
2, 3779
What are the prime factors of 26572?
2, 7, 13, 73
List the prime factors of 19600.
2, 5, 7
List the prime factors of 15331.
15331
What are the prime factors of 5862?
2, 3, 977
List the prime factors of 1413.
3, 157
List the prime factors of 73457.
17, 29, 149
What are the prime factors of 29428?
2, 7, 1051
List the prime factors of 566.
2, 283
List the prime factors of 428.
2, 107
List the prime factors of 34721.
34721
What are the prime factors of 12546?
2, 3, 17, 41
List the prime factors of 25811.
53, 487
List the prime factors of 3998.
2, 1999
List the prime factors of 26271.
3, 7, 139
What are the prime factors of 3043?
17, 179
List the prime factors of 684.
2, 3, 19
What are the prime factors of 3580?
2, 5, 179
What are the prime factors of 88831?
211, 421
List the prime factors of 1258.
2, 17, 37
List the prime factors of 13265.
5, 7, 379
What are the prime factors of 4936?
2, 617
List the prime factors of 15376.
2, 31
List the prime factors of 31760.
2, 5, 397
List the prime factors of 16886.
2, 8443
What are the prime factors of 11041?
61, 181
List the prime factors of 1568.
2, 7
List the prime factors of 4165.
5, 7, 17
List the prime factors of 668.
2, 167
List the prime factors of 1056.
2, 3, 11
List the prime factors of 1993.
1993
What are the prime factors of 6495?
3, 5, 433
List the prime factors of 21337.
19, 1123
What are the prime factors of 2212?
2, 7, 79
What are the prime factors of 5140?
2, 5, 257
What are the prime factors of 982?
2, 491
List the prime factors of 1795.
5, 359
What are the prime factors of 12975?
3, 5, 173
List the prime factors of 9291.
3, 19, 163
List the prime factors of 51935.
5, 13, 17, 47
What are the prime factors of 2545?
5, 509
List the prime factors of 133190.
2, 5, 19, 701
List the prime factors of 1088.
2, 17
List the prime factors of 9013.
9013
List the prime factors of 3318.
2, 3, 7, 79
List the prime factors of 70422.
2, 3, 11, 97
What are the prime factors of 2478?
2, 3, 7, 59
What are the prime factors of 8998?
2, 11, 409
What are the prime factors of 22358?
2, 7, 1597
What are the prime factors of 20578?
2, 10289
List the prime factors of 12771.
3, 11, 43
What are the prime factors of 21867?
3, 37, 197
List the prime factors of 844.
2, 211
What are the prime factors of 6263?
6263
List the prime factors of 76121.
163, 467
What are the prime factors of 14376?
2, 3, 599
List the prime factors of 39717.
3, 1471
List the prime factors of 5342.
2, 2671
List the prime factors of 160.
2, 5
List the prime factors of 52245.
3, 5, 43
List the prime factors of 111319.
13, 8563
List the prime factors of 80033.
163, 491
List the prime factors of 5142.
2, 3, 857
List the prime factors of 27107.
27107
List the prime factors of 1407.
3, 7, 67
List the prime factors of 829.
829
What are the prime factors of 10711?
10711
List the prime factors of 487.
487
What are the prime factors of 182452?
2, 45613
List the prime factors of 5510.
2, 5, 19, 29
What are the prime factors of 137567?
137567
List the prime factors of 43916.
2, 10979
List the prime factors of 2818.
2, 1409
List the prime factors of 5226.
2, 3, 13, 67
What are the prime factors of 126?
2, 3, 7
List the prime factors of 1645.
5, 7, 47
What are the prime factors of 3000?
2, 3, 5
What are the prime factors of 1139?
17, 67
What are the prime factors of 1600?
2, 5
List the prime factors of 284.
2, 71
List the prime factors of 78799.
7, 11257
What are the prime factors of 501?
3, 167
What are the prime factors of 11983?
23, 521
What are the prime factors of 12446?
2, 7, 127
List the prime factors of 1229.
1229
List the prime factors of 9633.
3, 13, 19
List the prime factors of 3545.
5, 709
List the prime factors of 4824.
2, 3, 67
List the prime factors of 1533.
3, 7, 73
List the prime factors of 1035.
3, 5, 23
List the prime factors of 662.
2, 331
List the prime factors of 109816.
2, 7, 37, 53
What are the prime factors of 538?
2, 269
List the prime factors of 1008.
2, 3, 7
List the prime factors of 1732.
2, 433
